{"id":2897,"date":"2023-05-26T14:51:49","date_gmt":"2023-05-26T12:51:49","guid":{"rendered":"https:\/\/www.fluentis.com\/eventi\/innovation-days-milano-2023-copy\/"},"modified":"2023-09-08T10:51:35","modified_gmt":"2023-09-08T08:51:35","slug":"innovation-days-trento-2023","status":"publish","type":"webinar-eventi","link":"https:\/\/www.fluentis.com\/it\/eventi-webinar\/innovation-days-trento-2023\/","title":{"rendered":"Innovation Days 2023 Trento"},"content":{"rendered":"\n<p><strong>Siamo entusiasti di rinnovare la partecipazione di Fluentis anche alla seconda tappa di Innovation Days, che si terr\u00e0 il prossimo 26 maggio e di prendere parte attiva alla sessione mattutina dedicata a innovazione e tecnologia, con un\u2019intervento di Fabrizio Saro, CEO Fluentis.<\/strong><\/p>\n\n\n\n<h2 class=\"wp-block-heading\">Innovation Days Trento: un\u2019occasione per l\u2019innovazione sostenibile<\/h2>\n\n\n\n<p>A che punto sono le aziende del Trentino Alto-Adige sulla strada dell\u2019innovazione in chiave sostenibile?<\/p>\n\n\n\n<p>Se ne parler\u00e0 durante la seconda tappa di Innovation Days, il roadshow organizzato dal Sole 24 Ore e Confindustria che, con un\u2019ampia sessione di networking, dar\u00e0 a imprenditori e manager la possibilit\u00e0 di confrontarsi tra di loro e di fare rete.<br>Questa di Trento \u00e8 forse la tappa pi\u00f9 significativa del roadshow, perch\u00e8 si inserisce all\u2019interno del palinsesto dinamico e innovativo del Festival dell\u2019Economia di Trento.<\/p>\n\n\n\n<p>Durante la giornata saranno esplorate le opportunit\u00e0 offerte dalle nuove tecnologie e competenze per fare innovazione in modo sostenibile e superare le sfide nel percorso di trasformazione digitale.<\/p>\n\n\n\n<p><strong>Fabrizio Saro, CEO di Fluentis<\/strong>, sar\u00e0 uno degli esperti coinvolti nel dibattito incentrato su importanti temi come Cloud, digitalizzazione dei processi, con un focus particolare sul ruolo dell\u2019Intelligenza Artificiale nella creazione di vantaggio competitivo tangibile per le imprese.<\/p>\n","protected":false},"excerpt":{"rendered":"<p>Siamo entusiasti di rinnovare la partecipazione di Fluentis anche alla seconda tappa di Innovation Days, che si terr\u00e0 [&hellip;]<\/p>\n","protected":false},"featured_media":6586,"template":"","class_list":["post-2897","webinar-eventi","type-webinar-eventi","status-publish","has-post-thumbnail","hentry"],"acf":[],"_links":{"self":[{"href":"https:\/\/www.fluentis.com\/it\/wp-json\/wp\/v2\/webinar-eventi\/2897","targetHints":{"allow":["GET"]}}],"collection":[{"href":"https:\/\/www.fluentis.com\/it\/wp-json\/wp\/v2\/webinar-eventi"}],"about":[{"href":"https:\/\/www.fluentis.com\/it\/wp-json\/wp\/v2\/types\/webinar-eventi"}],"wp:featuredmedia":[{"embeddable":true,"href":"https:\/\/www.fluentis.com\/it\/wp-json\/wp\/v2\/media\/6586"}],"wp:attachment":[{"href":"https:\/\/www.fluentis.com\/it\/wp-json\/wp\/v2\/media?parent=2897"}],"curies":[{"name":"wp","href":"https:\/\/api.w.org\/{rel}","templated":true}]}}

<p><strong>Siamo entusiasti di rinnovare la partecipazione di Fluentis anche alla seconda tappa di Innovation Days, che si terrà il prossimo 26 maggio e di prendere parte attiva alla sessione mattutina dedicata a innovazione e tecnologia, con un’intervento di Fabrizio Saro, CEO Fluentis.</strong></p>



<h2 class="wp-block-heading">Innovation Days Trento: un’occasione per l’innovazione sostenibile</h2>



<p>A che punto sono le aziende del Trentino Alto-Adige sulla strada dell’innovazione in chiave sostenibile?</p>



<p>Se ne parlerà durante la seconda tappa di Innovation Days, il roadshow organizzato dal Sole 24 Ore e Confindustria che, con un’ampia sessione di networking, darà a imprenditori e manager la possibilità di confrontarsi tra di loro e di fare rete.<br>Questa di Trento è forse la tappa più significativa del roadshow, perchè si inserisce all’interno del palinsesto dinamico e innovativo del Festival dell’Economia di Trento.</p>



<p>Durante la giornata saranno esplorate le opportunità offerte dalle nuove tecnologie e competenze per fare innovazione in modo sostenibile e superare le sfide nel percorso di trasformazione digitale.</p>



<p><strong>Fabrizio Saro, CEO di Fluentis</strong>, sarà uno degli esperti coinvolti nel dibattito incentrato su importanti temi come Cloud, digitalizzazione dei processi, con un focus particolare sul ruolo dell’Intelligenza Artificiale nella creazione di vantaggio competitivo tangibile per le imprese.</p>

<p>Siamo entusiasti di rinnovare la partecipazione di Fluentis anche alla seconda tappa di Innovation Days, che si terrà [&hellip;]</p>
