{"id":2895,"date":"2023-05-04T14:47:43","date_gmt":"2023-05-04T12:47:43","guid":{"rendered":"https:\/\/www.fluentis.com\/eventi\/mescpe-bologna-2023-copy\/"},"modified":"2023-09-08T10:49:54","modified_gmt":"2023-09-08T08:49:54","slug":"innovation-days-milano-2023","status":"publish","type":"webinar-eventi","link":"https:\/\/www.fluentis.com\/it\/eventi-webinar\/innovation-days-milano-2023\/","title":{"rendered":"Innovation Days 2023 Milano"},"content":{"rendered":"\n<p><strong>Riparte Innovation Days, il roadshow del Sole24Ore in collaborazione con Confindustria che anche quest\u2019anno, attraverso le 6 tappe programmate, percorrer\u00e0 il Paese coinvolgendo imprenditori, manager, istituzioni e ricercatori per discutere di innovazione e di transizione, digitale e sostenibile.<\/strong><\/p>\n\n\n\n<h2 class=\"wp-block-heading\">Fluentis sar\u00e0 a Milano per la prima tappa<\/h2>\n\n\n\n<p>La prima tappa si terr\u00e0 a&nbsp;<strong>Milano il prossimo 4 Maggio<\/strong>: la Lombardia \u00e8 la regione leader nazionale nell\u2019innovazione, con il 27% delle startup innovative, il 31% dei brevetti depositati in Europa, il 33% dei lavoratori occupati nel manifatturiero high tech e il 20% della spesa concentrata in ricerca e sviluppo.<br>Tuttavia ha ancora grandi potenzialit\u00e0, che potrebbero divenire realt\u00e0 se aziende, istituzioni, universit\u00e0 e centri di ricerca lavorassero insieme.<\/p>\n\n\n\n<p><strong>Fare Rete<\/strong>&nbsp;per aumentare la competitivit\u00e0 anche e soprattutto in ambito europeo \u00e8 cos\u00ec al centro della prima tappa di Innovation Days.<\/p>\n\n\n\n<h2 class=\"wp-block-heading\">Investire in ricerca, sviluppo e competenze digitali per una Lombardia allineata ai benchmark europei<\/h2>\n\n\n\n<p>Fluentis \u00e8 onorata di partecipare a quest\u2019iniziativa con un intervento di&nbsp;<strong>Matteo Canciani, Direttore della nostra Filiale Nord Ovest<\/strong>, nel contesto della tavola rotonda dal tema: \u201cInvestire in ricerca, sviluppo e competenze digitali per una Lombardia allineata ai benchmark europei\u201d.<\/p>\n\n\n\n<p>Siamo felici di essere presenti in questo importante momento di confronto con figure e aziende d\u2019eccellenza del territorio, stiamo preparando il nostro intervento con attenzione, per assicurarci di portare gli spunti e le soluzioni pi\u00f9 adeguate a un contesto come quello lombardo, estremamente ricettivo ai temi di innovazione e tecnologia.<\/p>\n","protected":false},"excerpt":{"rendered":"<p>Riparte Innovation Days, il roadshow del Sole24Ore in collaborazione con Confindustria che anche quest\u2019anno, attraverso le 6 tappe [&hellip;]<\/p>\n","protected":false},"featured_media":6578,"template":"","class_list":["post-2895","webinar-eventi","type-webinar-eventi","status-publish","has-post-thumbnail","hentry"],"acf":[],"_links":{"self":[{"href":"https:\/\/www.fluentis.com\/it\/wp-json\/wp\/v2\/webinar-eventi\/2895","targetHints":{"allow":["GET"]}}],"collection":[{"href":"https:\/\/www.fluentis.com\/it\/wp-json\/wp\/v2\/webinar-eventi"}],"about":[{"href":"https:\/\/www.fluentis.com\/it\/wp-json\/wp\/v2\/types\/webinar-eventi"}],"wp:featuredmedia":[{"embeddable":true,"href":"https:\/\/www.fluentis.com\/it\/wp-json\/wp\/v2\/media\/6578"}],"wp:attachment":[{"href":"https:\/\/www.fluentis.com\/it\/wp-json\/wp\/v2\/media?parent=2895"}],"curies":[{"name":"wp","href":"https:\/\/api.w.org\/{rel}","templated":true}]}}

<p><strong>Riparte Innovation Days, il roadshow del Sole24Ore in collaborazione con Confindustria che anche quest’anno, attraverso le 6 tappe programmate, percorrerà il Paese coinvolgendo imprenditori, manager, istituzioni e ricercatori per discutere di innovazione e di transizione, digitale e sostenibile.</strong></p>



<h2 class="wp-block-heading">Fluentis sarà a Milano per la prima tappa</h2>



<p>La prima tappa si terrà a&nbsp;<strong>Milano il prossimo 4 Maggio</strong>: la Lombardia è la regione leader nazionale nell’innovazione, con il 27% delle startup innovative, il 31% dei brevetti depositati in Europa, il 33% dei lavoratori occupati nel manifatturiero high tech e il 20% della spesa concentrata in ricerca e sviluppo.<br>Tuttavia ha ancora grandi potenzialità, che potrebbero divenire realtà se aziende, istituzioni, università e centri di ricerca lavorassero insieme.</p>



<p><strong>Fare Rete</strong>&nbsp;per aumentare la competitività anche e soprattutto in ambito europeo è così al centro della prima tappa di Innovation Days.</p>



<h2 class="wp-block-heading">Investire in ricerca, sviluppo e competenze digitali per una Lombardia allineata ai benchmark europei</h2>



<p>Fluentis è onorata di partecipare a quest’iniziativa con un intervento di&nbsp;<strong>Matteo Canciani, Direttore della nostra Filiale Nord Ovest</strong>, nel contesto della tavola rotonda dal tema: “Investire in ricerca, sviluppo e competenze digitali per una Lombardia allineata ai benchmark europei”.</p>



<p>Siamo felici di essere presenti in questo importante momento di confronto con figure e aziende d’eccellenza del territorio, stiamo preparando il nostro intervento con attenzione, per assicurarci di portare gli spunti e le soluzioni più adeguate a un contesto come quello lombardo, estremamente ricettivo ai temi di innovazione e tecnologia.</p>
