{"id":2842,"date":"2022-03-24T11:42:29","date_gmt":"2022-03-24T10:42:29","guid":{"rendered":"https:\/\/www.fluentis.com\/eventi\/webinar-crm-copy\/"},"modified":"2023-09-18T09:22:39","modified_gmt":"2023-09-18T07:22:39","slug":"native-cloud-transizione-digitale","status":"publish","type":"webinar-eventi","link":"https:\/\/www.fluentis.com\/it\/eventi-webinar\/native-cloud-transizione-digitale\/","title":{"rendered":"Semplifica la Transizione Digitale con il CLOUD"},"content":{"rendered":"\n<div class=\"wp-block-media-text alignwide is-stacked-on-mobile\" style=\"grid-template-columns:19% auto\"><figure class=\"wp-block-media-text__media\"><img loading=\"lazy\" decoding=\"async\" width=\"340\" height=\"340\" src=\"https:\/\/www.fluentis.com\/wp-content\/uploads\/2022\/03\/immagine-webinar-AlessandroPiva.jpg\" alt=\"immagine Alessandro Piva\" class=\"wp-image-2849 size-full\" srcset=\"https:\/\/www.fluentis.com\/wp-content\/uploads\/2022\/03\/immagine-webinar-AlessandroPiva.jpg 340w, https:\/\/www.fluentis.com\/wp-content\/uploads\/2022\/03\/immagine-webinar-AlessandroPiva-300x300.jpg 300w, https:\/\/www.fluentis.com\/wp-content\/uploads\/2022\/03\/immagine-webinar-AlessandroPiva-150x150.jpg 150w\" sizes=\"auto, (max-width: 340px) 100vw, 340px\" \/><\/figure><div class=\"wp-block-media-text__content\">\n<h3 class=\"wp-block-heading\"><strong>Alessandro Piva<\/strong><\/h3>\n\n\n\n<p>Direttore Osservatorio Cloud Transformation<br>Politecnico di Milano<\/p>\n<\/div><\/div>\n\n\n\n<div style=\"height:30px\" aria-hidden=\"true\" class=\"wp-block-spacer\"><\/div>\n\n\n\n<h2 class=\"wp-block-heading\">Il Webinar \u00e8 rivolto a:<\/h2>\n\n\n\n<p>Business Leaders, Professionisti del settore IT e tutti coloro che desiderino approfondire caratteristiche e vantaggi delle applicazioni cloud native.<\/p>\n\n\n\n<h2 class=\"wp-block-heading\">Informazioni sul Webinar<\/h2>\n\n\n\n<p>Le piattaforme cloud rappresentano un\u2019importante leva di innovazione per le aziende di ogni settore, in quanto permettono di abilitare soluzioni digitali in grado di&nbsp;<strong>rendere pi\u00f9 semplici ed efficaci i processi di business, snellendo l\u2019operativit\u00e0 e portando maggiore sicurezza<\/strong>.<\/p>\n\n\n\n<p>Una spinta alla trasformazione digitale che \u00e8 utile cogliere, anche alla luce delle politiche nazionali ed europee che vedono nella digitalizzazione un asset strategico di rilievo primario per il rilancio economico del Paese dopo la pandemia di coronavirus.<\/p>\n\n\n\n<p>Proprio tale periodo ha portato una maggiore consapevolezza dell\u2019impatto del digitale per la continuit\u00e0 operativa, mettendo oltretutto in luce le unicit\u00e0 del cloud come architettura capace di offrire personalizzazione e flessibilit\u00e0.<\/p>\n\n\n\n<p>\u00c8 importante quindi conoscere questi strumenti e capire in che modo portano vantaggi in azienda, alla luce anche delle possibilit\u00e0 di investimento offerte da opportunit\u00e0 irripetibili come i fondi del PNRR.<\/p>\n\n\n\n<p>Gli impatti delle cloud native platform sono cos\u00ec benefici per il business che&nbsp;<strong><em>Gartner prevede che entro il 2025 queste soluzioni verranno utilizzate per costruire oltre il 95% delle nuove iniziative digitali<\/em><\/strong>.<br>Una crescita importante, se si pensa che nel 2021 la percentuale si \u00e8 attestata intorno al 40%. In generale, il mondo del cloud sta vivendo un momento di crescita mai visto prima. Secondo i dati dell\u2019<strong>Osservatorio Cloud Transformation del Politecnico di Milano<\/strong>, anche la spesa per i sistemi cloud in Italia continua a crescere su tutti i fronti.<\/p>\n\n\n\n<h2 class=\"wp-block-heading\">I vantaggi delle cloud native plataforms<\/h2>\n\n\n\n<ul class=\"wp-block-list\">\n<li><strong>Risparmi denaro<\/strong><br>Si abbassano notevolmente gli investimenti per l\u2019hardware e i costi per i servizi sistemistici.<\/li>\n\n\n\n<li><strong>Disponi di maggiore flessibilit\u00e0<\/strong><br>L\u2019azienda ha la possibilit\u00e0 di adeguare le risorse utilizzate aumentandole o diminuendole in base alle proprie necessit\u00e0.<\/li>\n\n\n\n<li><strong>I tuoi dati sono pi\u00f9 al sicuro<br><\/strong>Il patrimonio delle informazioni aziendali viene protetto con servizi presidiati sempre da backup e al riparo da intrusioni di malintenzionati.<\/li>\n\n\n\n<li><strong>Operi pi\u00f9 velocemente<\/strong><br>I dati e le informazioni sono sempre a disposizione senza alcuna perdita di tempo.<\/li>\n\n\n\n<li><strong>Accedi in mobilit\u00e0<\/strong><br>L\u2019accesso ai dati pu\u00f2 essere fatto in qualsiasi posto, in ogni momento e da qualsiasi device: smartphone, pc, tablet.<br>Il tuo ufficio \u00e8 dove sei tu!<\/li>\n\n\n\n<li><strong>Puoi concentrarti esclusivamente sul tuo business<br><\/strong>Nessuna preoccupazione riguardo alle questioni tecnologiche: pensa a tutto il fornitore.<\/li>\n<\/ul>\n\n\n\n<h3 class=\"wp-block-heading\">Scaletta evento<\/h3>\n\n\n\n<ul class=\"wp-block-list\">\n<li><strong>La Cloud Transformation in Italia<\/strong>\n<ul class=\"wp-block-list\">\n<li>La rilevanza del Cloud nel 2021 a livello italiano ed europeo<\/li>\n\n\n\n<li>Il valore del mercato Cloud<\/li>\n\n\n\n<li>Il mercato Public &amp; Hybrid Cloud<\/li>\n\n\n\n<li>Il Cloud nelle grandi imprese e nelle PMI<\/li>\n<\/ul>\n<\/li>\n\n\n\n<li><strong>Trend per la Cloud Transformation<\/strong>\n<ul class=\"wp-block-list\">\n<li>ArchitettureCloud Native<\/li>\n\n\n\n<li>Nuovi modelli di deployment &amp; Cost management<\/li>\n\n\n\n<li>Innovazione nel PaaS<\/li>\n\n\n\n<li>Organizzazione e modalit\u00e0 di lavoro<\/li>\n<\/ul>\n<\/li>\n\n\n\n<li><strong>La rilevanza del Cloud per le aziende italiane<\/strong>\n<ul class=\"wp-block-list\">\n<li>Commitment del top management<\/li>\n\n\n\n<li>La riconfigurazione di struttura e ruoli IT<\/li>\n\n\n\n<li>La riconfigurazione dei processi IT aziendali<\/li>\n\n\n\n<li>La sfida della gestione dei costi<\/li>\n\n\n\n<li>Equipaggiarsi per una trasformazione sempre pi\u00f9 veloce<\/li>\n<\/ul>\n<\/li>\n<\/ul>\n\n\n\n<h3 class=\"wp-block-heading\">Relatori<\/h3>\n\n\n\n<ul class=\"wp-block-list\">\n<li><strong>Alessandro Piva<\/strong>&nbsp;\u2013 Direttore Osservatorio Cloud Transformation del Politecnico di Milano<\/li>\n\n\n\n<li><strong>Paolo Pedron<\/strong>&nbsp;\u2013 Direttore del Canale, Fluentis<\/li>\n<\/ul>\n","protected":false},"excerpt":{"rendered":"<p>Alessandro Piva Direttore Osservatorio Cloud TransformationPolitecnico di Milano Il Webinar \u00e8 rivolto a: Business Leaders, Professionisti del settore [&hellip;]<\/p>\n","protected":false},"featured_media":6570,"template":"","class_list":["post-2842","webinar-eventi","type-webinar-eventi","status-publish","has-post-thumbnail","hentry"],"acf":[],"_links":{"self":[{"href":"https:\/\/www.fluentis.com\/it\/wp-json\/wp\/v2\/webinar-eventi\/2842","targetHints":{"allow":["GET"]}}],"collection":[{"href":"https:\/\/www.fluentis.com\/it\/wp-json\/wp\/v2\/webinar-eventi"}],"about":[{"href":"https:\/\/www.fluentis.com\/it\/wp-json\/wp\/v2\/types\/webinar-eventi"}],"wp:featuredmedia":[{"embeddable":true,"href":"https:\/\/www.fluentis.com\/it\/wp-json\/wp\/v2\/media\/6570"}],"wp:attachment":[{"href":"https:\/\/www.fluentis.com\/it\/wp-json\/wp\/v2\/media?parent=2842"}],"curies":[{"name":"wp","href":"https:\/\/api.w.org\/{rel}","templated":true}]}}

<div class="wp-block-media-text alignwide is-stacked-on-mobile" style="grid-template-columns:19% auto"><figure class="wp-block-media-text__media"><img loading="lazy" decoding="async" width="340" height="340" src="https://www.fluentis.com/wp-content/uploads/2022/03/immagine-webinar-AlessandroPiva.jpg" alt="immagine Alessandro Piva" class="wp-image-2849 size-full" srcset="https://www.fluentis.com/wp-content/uploads/2022/03/immagine-webinar-AlessandroPiva.jpg 340w, https://www.fluentis.com/wp-content/uploads/2022/03/immagine-webinar-AlessandroPiva-300x300.jpg 300w, https://www.fluentis.com/wp-content/uploads/2022/03/immagine-webinar-AlessandroPiva-150x150.jpg 150w" sizes="auto, (max-width: 340px) 100vw, 340px" /></figure><div class="wp-block-media-text__content">
<h3 class="wp-block-heading"><strong>Alessandro Piva</strong></h3>



<p>Direttore Osservatorio Cloud Transformation<br>Politecnico di Milano</p>
</div></div>



<div style="height:30px" aria-hidden="true" class="wp-block-spacer"></div>



<h2 class="wp-block-heading">Il Webinar è rivolto a:</h2>



<p>Business Leaders, Professionisti del settore IT e tutti coloro che desiderino approfondire caratteristiche e vantaggi delle applicazioni cloud native.</p>



<h2 class="wp-block-heading">Informazioni sul Webinar</h2>



<p>Le piattaforme cloud rappresentano un’importante leva di innovazione per le aziende di ogni settore, in quanto permettono di abilitare soluzioni digitali in grado di&nbsp;<strong>rendere più semplici ed efficaci i processi di business, snellendo l’operatività e portando maggiore sicurezza</strong>.</p>



<p>Una spinta alla trasformazione digitale che è utile cogliere, anche alla luce delle politiche nazionali ed europee che vedono nella digitalizzazione un asset strategico di rilievo primario per il rilancio economico del Paese dopo la pandemia di coronavirus.</p>



<p>Proprio tale periodo ha portato una maggiore consapevolezza dell’impatto del digitale per la continuità operativa, mettendo oltretutto in luce le unicità del cloud come architettura capace di offrire personalizzazione e flessibilità.</p>



<p>È importante quindi conoscere questi strumenti e capire in che modo portano vantaggi in azienda, alla luce anche delle possibilità di investimento offerte da opportunità irripetibili come i fondi del PNRR.</p>



<p>Gli impatti delle cloud native platform sono così benefici per il business che&nbsp;<strong><em>Gartner prevede che entro il 2025 queste soluzioni verranno utilizzate per costruire oltre il 95% delle nuove iniziative digitali</em></strong>.<br>Una crescita importante, se si pensa che nel 2021 la percentuale si è attestata intorno al 40%. In generale, il mondo del cloud sta vivendo un momento di crescita mai visto prima. Secondo i dati dell’<strong>Osservatorio Cloud Transformation del Politecnico di Milano</strong>, anche la spesa per i sistemi cloud in Italia continua a crescere su tutti i fronti.</p>



<h2 class="wp-block-heading">I vantaggi delle cloud native plataforms</h2>



<ul class="wp-block-list">
<li><strong>Risparmi denaro</strong><br>Si abbassano notevolmente gli investimenti per l’hardware e i costi per i servizi sistemistici.</li>



<li><strong>Disponi di maggiore flessibilità</strong><br>L’azienda ha la possibilità di adeguare le risorse utilizzate aumentandole o diminuendole in base alle proprie necessità.</li>



<li><strong>I tuoi dati sono più al sicuro<br></strong>Il patrimonio delle informazioni aziendali viene protetto con servizi presidiati sempre da backup e al riparo da intrusioni di malintenzionati.</li>



<li><strong>Operi più velocemente</strong><br>I dati e le informazioni sono sempre a disposizione senza alcuna perdita di tempo.</li>



<li><strong>Accedi in mobilità</strong><br>L’accesso ai dati può essere fatto in qualsiasi posto, in ogni momento e da qualsiasi device: smartphone, pc, tablet.<br>Il tuo ufficio è dove sei tu!</li>



<li><strong>Puoi concentrarti esclusivamente sul tuo business<br></strong>Nessuna preoccupazione riguardo alle questioni tecnologiche: pensa a tutto il fornitore.</li>
</ul>



<h3 class="wp-block-heading">Scaletta evento</h3>



<ul class="wp-block-list">
<li><strong>La Cloud Transformation in Italia</strong>
<ul class="wp-block-list">
<li>La rilevanza del Cloud nel 2021 a livello italiano ed europeo</li>



<li>Il valore del mercato Cloud</li>



<li>Il mercato Public &amp; Hybrid Cloud</li>



<li>Il Cloud nelle grandi imprese e nelle PMI</li>
</ul>
</li>



<li><strong>Trend per la Cloud Transformation</strong>
<ul class="wp-block-list">
<li>ArchitettureCloud Native</li>



<li>Nuovi modelli di deployment &amp; Cost management</li>



<li>Innovazione nel PaaS</li>



<li>Organizzazione e modalità di lavoro</li>
</ul>
</li>



<li><strong>La rilevanza del Cloud per le aziende italiane</strong>
<ul class="wp-block-list">
<li>Commitment del top management</li>



<li>La riconfigurazione di struttura e ruoli IT</li>



<li>La riconfigurazione dei processi IT aziendali</li>



<li>La sfida della gestione dei costi</li>



<li>Equipaggiarsi per una trasformazione sempre più veloce</li>
</ul>
</li>
</ul>



<h3 class="wp-block-heading">Relatori</h3>



<ul class="wp-block-list">
<li><strong>Alessandro Piva</strong>&nbsp;– Direttore Osservatorio Cloud Transformation del Politecnico di Milano</li>



<li><strong>Paolo Pedron</strong>&nbsp;– Direttore del Canale, Fluentis</li>
</ul>

<p>Alessandro Piva Direttore Osservatorio Cloud TransformationPolitecnico di Milano Il Webinar è rivolto a: Business Leaders, Professionisti del settore [&hellip;]</p>
